221100121 (base 4) to base 8
-3512031
Convert -141032314 (base 6) to base 7.
-33141235
b9469a (base 13) to base 14
813a01
-1123747 (base 10) to base 13
-304651
-279a37 (base 12) to base 14
-132683
What is -22024131 (base 5) in base 13?
-6820b
2000001211 (base 3) to base 13
14c2c
Convert 120011111012 (base 3) to base 4.
1020320111
Convert 451253 (base 12) to base 14.
2093b1
What is -7d5b (base 14) in base 8?
-52515
5ee9a2 (base 15) to base 2
10001011000000100101100
What is 308933 (base 10) in base 4?
1023123011
-8ed2e (base 15) to base 12
-19b52b
What is 1171a57 (base 11) in base 8?
7613706
Convert 1114503220 (base 6) to base 15.
1123959
What is -43021200 (base 5) in base 9?
-608828
1167a5 (base 11) to base 15
39a95
What is -267521 (base 11) in base 10?
-419893
Convert -1b24c42 (base 13) to base 14.
-129a34c
Convert -2550c7 (base 15) to base 12.
-723321
1382c9 (base 16) to base 9
2357888
What is 156720 (base 10) in base 5?
20003340
-60607a (base 13) to base 4
-20203020101
Convert 21023045 (base 6) to base 8.
2247005
Convert -123755 (base 9) to base 2.
-10010010011011111
What is 451355 (base 6) in base 7?
215423
What is -1050224 (base 6) in base 11?
-36a96
-141477 (base 9) to base 14
-236c8
-455647 (base 10) to base 8
-1571737
What is -88746 (base 10) in base 12?
-43436
Convert -2120000233 (base 4) to base 11.
-395886
What is 15e22d (base 16) in base 5?
331343112
Convert 1011100100110111000111 (base 2) to base 13.
823303
-3332013213 (base 4) to base 7
-11563416
What is 744768 (base 10) in base 16?
b5d40
What is 1001100111101110100 (base 2) in base 16?
4cf74
2599b4 (base 14) to base 5
312404341
What is -2375631 (base 9) in base 11?
-801312
What is -4430566 (base 8) in base 11?
-744889
What is -7025757 (base 9) in base 15?
-4dc5ed
What is 144245205 (base 6) in base 15?
3e6352
Convert 424335 (base 9) to base 14.
68045
Convert 395d6 (base 16) to base 10.
234966
Convert -113282 (base 9) to base 7.
-402230
Convert -5322566 (base 7) to base 5.
-131110242
What is 57992 (base 12) in base 7?
665432
What is -101101000111101111010 (base 2) in base 6?
-51405002
What is 1220012001202 (base 3) in base 13?
29378c
Convert -223110 (base 9) to base 13.
-489c0
What is 34401515 (base 7) in base 11?
1775823
What is 42966 (base 15) in base 16?
339ab
Convert -562966 (base 13) to base 14.
-3ad298
Convert -2022022012 (base 3) to base 2.
-1011000101101011
-1f326b (base 16) to base 3
-10211212120002
What is -300314241 (base 5) in base 6?
-41202142
9dba7 (base 15) to base 11
313294
Convert 4b515a (base 16) to base 5.
2230423101
What is -810121 (base 10) in base 2?
-11000101110010001001
Convert -4255029 (base 10) to base 6.
-231111113
What is -8274475 (base 11) in base 7?
-235060151
Convert 3711c (base 14) to base 12.
65b32
Convert 3153010 (base 6) to base 5.
14424003
Convert 2103a0 (base 16) to base 2.
1000010000001110100000
Convert -1ba0a (base 15) to base 3.
-11120110201
What is -79885 (base 10) in base 6?
-1413501
Convert 212002022010000 (base 3) to base 9.
25068100
Convert -1111101010000101 (base 2) to base 3.
-10020222022
What is -11121441 (base 6) in base 5?
-41243340
What is -12400004 (base 5) in base 4?
-131300113
-819366 (base 10) to base 7
-6651552
1103331214 (base 5) to base 10
2402059
Convert -1010011200 (base 3) to base 14.
-8032
-4e9c5 (base 16) to base 14
-854b3
70814 (base 10) to base 15
15eae
What is -112012200201 (base 3) in base 9?
-465621
What is 5296a57 (base 11) in base 6?
531440250
Convert 1121022212020 (base 3) to base 6.
30140140
What is 2535101 (base 7) in base 13?
b657c
Convert 3185 (base 9) to base 11.
1842
Convert -3a7084 (base 11) to base 4.
-2123333330
-12120002100111 (base 3) to base 9
-5502314
What is 3107370 (base 9) in base 14?
312725
-2020100133 (base 4) to base 14
-107571
What is 22021121102 (base 3) in base 7?
1246151
-422653 (base 7) to base 8
-216530
-201443225 (base 6) to base 7
-41156435
-1182333 (base 11) to base 16
-1f52c1
What is -31642 (base 12) in base 16?
-fd52
-397e7 (base 15) to base 4
-230323222
Convert 21002110121012 (base 3) to base 8.
16300476
Convert -37390 (base 14) to base 16.
-21002
-214727 (base 12) to base 7
-4321360
Convert 323330122 (base 4) to base 2.
111011111100011010
Convert -4ac28 (base 15) to base 4.
-322112030
-5514610 (base 7) to base 8
-2451002
Convert -24e1d1 (base 16) to base 15.
-32b2a5
-3e25c (base 15) to base 16
-30bee
a4bbd (base 16) to base 9
1237521
What is -10048 (base 10) in base 7?
-41203
Convert -1440130042 (base 5) to base 13.
-a42946
-60d50 (base 14) to base 8
-707232
1173042 (base 8) to base 4
1033120202
Convert 181629 (base 13) to base 11.
382077
Convert -6505235 (base 8) to base 3.
-10021101001000
Convert 173516 (base 14) to base 12.
334254
103221331001 (base 4) to base 3
100200210000012
What is 1403442 (base 6) in base 4?
103023302
Convert 17790b (base 15) to base 8.
4261323
-48b15 (base 12) to base 11
-679a7
11101110100010011110 (base 2) to base 12
3b1512
Convert -11a068 (base 12) to base 2.
-1000110000011010000
78184 (base 15) to base 12
164aa4
What is -20c766 (base 13) in base 7?
-6355350
What is 1b5133 (base 12) in base 14?
c9047
Convert -5553501 (base 6) to base 9.
-465321
Convert -1110021110 (base 4) to base 14.
-8d868
-3488964 (base 10) to base 8
-15236304
Convert 3a433 (base 15) to base 10.
186573
What is -57a387 (base 14) in base 12?
-1000143
599675 (base 10) to base 11
37a5aa
Convert 420250 (base 7) to base 14.
1c427
111001001101011010111 (base 2) to base 12
764a47
What is -1d1b45 (base 16) in base 5?
-442020100
-2121311003 (base 4) to base 8
-2316503
What is -2954909 (base 10) in base 3?
-12120010101002
-619cc (base 13) to base 12
-85504
What is -10401103 (base 5) in base 4?
-112022122
37b9c5 (base 14) to base 16
1d3689
What is 11839a (base 11) in base 10?
186812
Convert 3131111100 (base 4) to base 16.
dd550
-130031213212 (base 4) to base 11
-41a1648
-d1 (base 16) to base 6
-545
What is -13033010 (base 5) in base 4?
-133010113
What is -1ab5c (base 16) in base 7?
-633651
Convert -221223223 (base 4) to base 11.
-107300
What is 1c3a4b (base 14) in base 5?
224242300
Convert 24242031 (base 5) to base 6.
4514250
111321011 (base 4) to base 3
11120000002
Convert -11102400 (base 5) to base 9.
-157327
-211441044 (base 5) to base 15
-128b34
What is 92651 (base 12) in base 13?
68c29
221222121100 (base 3) to base 2
1111100110111101110
111011001000101101 (base 2) to base 10
242221
4653ba (base 13) to base 5
411340213
What is -1700636 (base 8) in base 11?
-306663
What is -3d83a3 (base 14) in base 8?
-10113013
352422052 (base 6) to base 13
148b80c
Convert 44549 (base 11) to base 5.
4031141
Convert 1212121111 (base 3) to base 10.
36895
-403364 (base 8) to base 9
-222213
Convert 10000000000101000101100 (base 2) to base 9.
7806061
What is 418a3 (base 15) in base 3?
101120002100
Convert 2526360 (base 7) to base 9.
546636
What is 221200020110 (base 3) in base 8?
1733033
122202222111012 (base 3) to base 14
137cd51
626140 (base 8) to base 15
41948
What is -121340100 (base 5) in base 3?
-1002011221002
-770537 (base 11) to base 2
-100101100011010011001
What is -943ca (base 15) in base 8?
-1625746
-3352b (base 15) to base 16
-27d5e
What is 5539125 (base 11) in base 14?
140dd42
c5186 (base 13) to base 16
566cc
What is 1a28a79 (base 12) in base 13?
11b877a
Convert 22cc10 (base 13) to base 7.
10016216
-16bab2 (base 12) to base 3
-202000020022
120210020 (base 4) to base 3
12010000112
Convert 100110111000001001111 (base 2) to base 7.
13554045
-32143164 (base 8) to base 4
-122030121310
What is -10015141 (base 7) in base 3?
-1120001102221
-161773 (base 9) to base 11
-68a67
What is 1a53236 (base 11) in base 2?
1101001100100111011110
Convert -3327557 (base 8) to base 6.
-31120115
Convert 2169528 (base 11) to base 9.
7137870
What is 2d2d8 (base 16) in base 10?
185048
-78a661 (base 11) to base 14
-24a952
Convert -1a822e (base 16) to base 12.
-6b943a
What is 15a30 (base 14) in base 8?
151572
What is -1011000011101001111000 (base 2) in base 11?
-16aa7a8
112202312 (base 4) to base 3
11200200002
140d4 (base 16) to base 10
82132
What is 2858864 (base 10) in base 7?
33204611
What is b137a9 (base 12) in base 15?
399059
Convert -21233110321 (base 4) to base 10.
-2553145
Convert -112012102111 (base 4) to base 7.
-10